{"id":2046,"date":"2025-11-03T14:56:24","date_gmt":"2025-11-03T13:56:24","guid":{"rendered":"https:\/\/forumafricaneitaliane.it\/chi-siamo\/"},"modified":"2026-03-05T09:31:30","modified_gmt":"2026-03-05T08:31:30","slug":"a-propos-de-nous","status":"publish","type":"page","link":"https:\/\/forumafricaneitaliane.it\/fr\/a-propos-de-nous\/","title":{"rendered":"\u00c0 propos de nous"},"content":{"rendered":"<div class=\"wpb-content-wrapper\"><p>[vc_row][vc_column ct_column_class=&#8221;rm-padding-lg&#8221; css=&#8221;.vc_custom_1762178038269{padding-top: 0px !important;padding-right: 20px !important;}&#8221; offset=&#8221;vc_col-lg-12 vc_col-md-12&#8243;][ct_heading text=&#8221;\u00c0 propos de nous&#8221; align_lg=&#8221;align-center&#8221; align_md=&#8221;align-center-md&#8221; align_sm=&#8221;align-center-sm&#8221; align_xs=&#8221;align-center-xs&#8221; font_size=&#8221;36&#8243; font_size_md=&#8221;36&#8243; font_size_sm=&#8221;36&#8243; font_size_xs=&#8221;32&#8243; font_weight=&#8221;700&#8243; show_gap=&#8221;hide&#8221; font_weight_sub=&#8221;&#8221;][ct_text_block font_size=&#8221;16&#8243; line_height=&#8221;30&#8243; css=&#8221;.vc_custom_1772699400465{margin-bottom: 21px !important;}&#8221;]<\/p>\n<p style=\"text-align: center;\">Le Forum des femmes africaines italiennes promeut l&#8217;int\u00e9gration, la participation active et le r\u00f4le central des femmes africaines et <strong>afro-italiennes en Italie<\/strong>, en valorisant leurs comp\u00e9tences, leurs exp\u00e9riences et leurs ressources culturelles. Il s&#8217;agit d&#8217;une association de femmes africaines pr\u00e9sentes en Italie et en Afrique dont l&#8217;objectif est d&#8217;unir leurs forces.<br \/>\nLe Forum est n\u00e9 comme un espace de <strong>dialogue, de repr\u00e9sentation et d&#8217;action collective<\/strong> visant \u00e0 renforcer le r\u00f4le des femmes d&#8217;origine africaine dans les processus sociaux, \u00e9conomiques et institutionnels, en favorisant un mod\u00e8le de citoyennet\u00e9 pleine et participative.<br \/>\nIl est notamment promu par le <strong>Collectif des femmes africaines pour le changement<\/strong>, dont <strong>Marie Balagizi Sifa est la coordinatrice et la pr\u00e9sidente.<\/strong><br \/>\nLe Forum agit \u00e9galement comme <strong>organe de coordination<\/strong> du r\u00e9seau de groupes et d&#8217;associations de femmes africaines pr\u00e9sentes sur le territoire italien, dans le but d&#8217;unir leurs forces pour une soci\u00e9t\u00e9 plus \u00e9quitable, solidaire et interculturelle.<\/p>\n<p>[\/ct_text_block][vc_empty_space][\/vc_column][\/vc_row][vc_row gap=&#8221;20&#8243; equal_height=&#8221;yes&#8221; content_placement=&#8221;middle&#8221;][vc_column width=&#8221;1\/2&#8243; ct_column_class=&#8221;rm-padding-lg&#8221; css=&#8221;.vc_custom_1762178268929{padding-top: 0px !important;padding-right: 20px !important;}&#8221; offset=&#8221;vc_col-lg-6 vc_col-md-6&#8243;][ct_text_block font_size=&#8221;16&#8243; line_height=&#8221;30&#8243; css=&#8221;.vc_custom_1772699465818{margin-bottom: 21px !important;}&#8221;]<\/p>\n<h3><strong>Marie Balagizi Sifa \u2013 Coordinatrice et pr\u00e9sidente<\/strong><\/h3>\n<p>Marie Balagizi Sifa est une militante, formatrice et entrepreneuse sociale d&#8217;origine congolaise, r\u00e9sidant en Italie depuis plus de vingt ans.<br \/>\nFondatrice du <strong>Collectif des femmes africaines pour le changement<\/strong>, elle s&#8217;engage depuis toujours pour la <strong>valorisation du r\u00f4le des femmes migrantes, la promotion des droits humains et le dialogue entre l&#8217;Afrique et l&#8217;Italie.<\/strong><br \/>\n\u00c0 travers le Forum Donne Africane Italiane (Forum des femmes africaines italiennes), Marie m\u00e8ne des <strong>projets d&#8217;autonomisation des femmes, de formation professionnelle et de coop\u00e9ration au d\u00e9veloppement durable.<\/strong><br \/>\nSa vision est celle d&#8217;une Afrique et d&#8217;une Italie unies par des <strong>partenariats solides<\/strong>, capables de g\u00e9n\u00e9rer croissance, dignit\u00e9 et opportunit\u00e9s pour toutes.[\/ct_text_block][\/vc_column][vc_column width=&#8221;1\/2&#8243;][vc_single_image image=&#8221;2047&#8243; img_size=&#8221;medium&#8221; css=&#8221;&#8221;][\/vc_column][\/vc_row]<\/p>\n<\/div>","protected":false},"excerpt":{"rendered":"<p>[vc_row][vc_column ct_column_class=&#8221;rm-padding-lg&#8221; css=&#8221;.vc_custom_1762178038269{padding-top: 0px !important;padding-right: 20px !important;}&#8221; offset=&#8221;vc_col-lg-12 vc_col-md-12&#8243;][ct_heading text=&#8221;\u00c0 propos de nous&#8221; align_lg=&#8221;align-center&#8221; align_md=&#8221;align-center-md&#8221; align_sm=&#8221;align-center-sm&#8221; align_xs=&#8221;align-center-xs&#8221; font_size=&#8221;36&#8243; font_size_md=&#8221;36&#8243; font_size_sm=&#8221;36&#8243; font_size_xs=&#8221;32&#8243; font_weight=&#8221;700&#8243; show_gap=&#8221;hide&#8221; font_weight_sub=&#8221;&#8221;][ct_text_block font_size=&#8221;16&#8243; line_height=&#8221;30&#8243; css=&#8221;.vc_custom_1772699400465{margin-bottom: 21px !important;}&#8221;] Le Forum des femmes africaines italiennes promeut l&#8217;int\u00e9gration, la participation active et le r\u00f4le central des femmes africaines et afro-italiennes en Italie, en valorisant leurs comp\u00e9tences, [&hellip;]<\/p>\n","protected":false},"author":1,"featured_media":0,"parent":0,"menu_order":0,"comment_status":"closed","ping_status":"closed","template":"","meta":{"footnotes":""},"class_list":["post-2046","page","type-page","status-publish","hentry"],"_links":{"self":[{"href":"https:\/\/forumafricaneitaliane.it\/fr\/wp-json\/wp\/v2\/pages\/2046","targetHints":{"allow":["GET"]}}],"collection":[{"href":"https:\/\/forumafricaneitaliane.it\/fr\/wp-json\/wp\/v2\/pages"}],"about":[{"href":"https:\/\/forumafricaneitaliane.it\/fr\/wp-json\/wp\/v2\/types\/page"}],"author":[{"embeddable":true,"href":"https:\/\/forumafricaneitaliane.it\/fr\/wp-json\/wp\/v2\/users\/1"}],"replies":[{"embeddable":true,"href":"https:\/\/forumafricaneitaliane.it\/fr\/wp-json\/wp\/v2\/comments?post=2046"}],"version-history":[{"count":3,"href":"https:\/\/forumafricaneitaliane.it\/fr\/wp-json\/wp\/v2\/pages\/2046\/revisions"}],"predecessor-version":[{"id":2054,"href":"https:\/\/forumafricaneitaliane.it\/fr\/wp-json\/wp\/v2\/pages\/2046\/revisions\/2054"}],"wp:attachment":[{"href":"https:\/\/forumafricaneitaliane.it\/fr\/wp-json\/wp\/v2\/media?parent=2046"}],"curies":[{"name":"wp","href":"https:\/\/api.w.org\/{rel}","templated":true}]}}

À propos de nous

<div class="wpb-content-wrapper"><p>[vc_row][vc_column ct_column_class=&#8221;rm-padding-lg&#8221; css=&#8221;.vc_custom_1762178038269{padding-top: 0px !important;padding-right: 20px !important;}&#8221; offset=&#8221;vc_col-lg-12 vc_col-md-12&#8243;][ct_heading text=&#8221;À propos de nous&#8221; align_lg=&#8221;align-center&#8221; align_md=&#8221;align-center-md&#8221; align_sm=&#8221;align-center-sm&#8221; align_xs=&#8221;align-center-xs&#8221; font_size=&#8221;36&#8243; font_size_md=&#8221;36&#8243; font_size_sm=&#8221;36&#8243; font_size_xs=&#8221;32&#8243; font_weight=&#8221;700&#8243; show_gap=&#8221;hide&#8221; font_weight_sub=&#8221;&#8221;][ct_text_block font_size=&#8221;16&#8243; line_height=&#8221;30&#8243; css=&#8221;.vc_custom_1772699400465{margin-bottom: 21px !important;}&#8221;]</p>
<p style="text-align: center;">Le Forum des femmes africaines italiennes promeut l&#8217;intégration, la participation active et le rôle central des femmes africaines et <strong>afro-italiennes en Italie</strong>, en valorisant leurs compétences, leurs expériences et leurs ressources culturelles. Il s&#8217;agit d&#8217;une association de femmes africaines présentes en Italie et en Afrique dont l&#8217;objectif est d&#8217;unir leurs forces.<br />
Le Forum est né comme un espace de <strong>dialogue, de représentation et d&#8217;action collective</strong> visant à renforcer le rôle des femmes d&#8217;origine africaine dans les processus sociaux, économiques et institutionnels, en favorisant un modèle de citoyenneté pleine et participative.<br />
Il est notamment promu par le <strong>Collectif des femmes africaines pour le changement</strong>, dont <strong>Marie Balagizi Sifa est la coordinatrice et la présidente.</strong><br />
Le Forum agit également comme <strong>organe de coordination</strong> du réseau de groupes et d&#8217;associations de femmes africaines présentes sur le territoire italien, dans le but d&#8217;unir leurs forces pour une société plus équitable, solidaire et interculturelle.</p>
<p>[/ct_text_block][vc_empty_space][/vc_column][/vc_row][vc_row gap=&#8221;20&#8243; equal_height=&#8221;yes&#8221; content_placement=&#8221;middle&#8221;][vc_column width=&#8221;1/2&#8243; ct_column_class=&#8221;rm-padding-lg&#8221; css=&#8221;.vc_custom_1762178268929{padding-top: 0px !important;padding-right: 20px !important;}&#8221; offset=&#8221;vc_col-lg-6 vc_col-md-6&#8243;][ct_text_block font_size=&#8221;16&#8243; line_height=&#8221;30&#8243; css=&#8221;.vc_custom_1772699465818{margin-bottom: 21px !important;}&#8221;]</p>
<h3><strong>Marie Balagizi Sifa – Coordinatrice et présidente</strong></h3>
<p>Marie Balagizi Sifa est une militante, formatrice et entrepreneuse sociale d&#8217;origine congolaise, résidant en Italie depuis plus de vingt ans.<br />
Fondatrice du <strong>Collectif des femmes africaines pour le changement</strong>, elle s&#8217;engage depuis toujours pour la <strong>valorisation du rôle des femmes migrantes, la promotion des droits humains et le dialogue entre l&#8217;Afrique et l&#8217;Italie.</strong><br />
À travers le Forum Donne Africane Italiane (Forum des femmes africaines italiennes), Marie mène des <strong>projets d&#8217;autonomisation des femmes, de formation professionnelle et de coopération au développement durable.</strong><br />
Sa vision est celle d&#8217;une Afrique et d&#8217;une Italie unies par des <strong>partenariats solides</strong>, capables de générer croissance, dignité et opportunités pour toutes.[/ct_text_block][/vc_column][vc_column width=&#8221;1/2&#8243;][vc_single_image image=&#8221;2047&#8243; img_size=&#8221;medium&#8221; css=&#8221;&#8221;][/vc_column][/vc_row]</p>
</div>

<p>[vc_row][vc_column ct_column_class=&#8221;rm-padding-lg&#8221; css=&#8221;.vc_custom_1762178038269{padding-top: 0px !important;padding-right: 20px !important;}&#8221; offset=&#8221;vc_col-lg-12 vc_col-md-12&#8243;][ct_heading text=&#8221;À propos de nous&#8221; align_lg=&#8221;align-center&#8221; align_md=&#8221;align-center-md&#8221; align_sm=&#8221;align-center-sm&#8221; align_xs=&#8221;align-center-xs&#8221; font_size=&#8221;36&#8243; font_size_md=&#8221;36&#8243; font_size_sm=&#8221;36&#8243; font_size_xs=&#8221;32&#8243; font_weight=&#8221;700&#8243; show_gap=&#8221;hide&#8221; font_weight_sub=&#8221;&#8221;][ct_text_block font_size=&#8221;16&#8243; line_height=&#8221;30&#8243; css=&#8221;.vc_custom_1772699400465{margin-bottom: 21px !important;}&#8221;] Le Forum des femmes africaines italiennes promeut l&#8217;intégration, la participation active et le rôle central des femmes africaines et afro-italiennes en Italie, en valorisant leurs compétences, [&hellip;]</p>
