{"id":2057,"date":"2025-11-03T15:03:01","date_gmt":"2025-11-03T14:03:01","guid":{"rendered":"https:\/\/forumafricaneitaliane.it\/mission\/"},"modified":"2026-03-05T09:41:11","modified_gmt":"2026-03-05T08:41:11","slug":"mission","status":"publish","type":"page","link":"https:\/\/forumafricaneitaliane.it\/fr\/mission\/","title":{"rendered":"Mission"},"content":{"rendered":"<div class=\"wpb-content-wrapper\"><p>[vc_row][vc_column ct_column_class=&#8221;rm-padding-lg&#8221; css=&#8221;.vc_custom_1762178038269{padding-top: 0px !important;padding-right: 20px !important;}&#8221; offset=&#8221;vc_col-lg-12 vc_col-md-12&#8243;][ct_text_block font_size=&#8221;16&#8243; line_height=&#8221;30&#8243; css=&#8221;.vc_custom_1772700066041{margin-bottom: 21px !important;}&#8221;]<\/p>\n<p style=\"text-align: left;\"><strong>Le Forum des femmes africaines italiennes<\/strong> est n\u00e9 de la volont\u00e9 de construire des <strong>ponts concrets entre l&#8217;Afrique et l&#8217;Italie<\/strong>, en pla\u00e7ant les femmes au centre en tant que protagonistes du changement.<br \/>\nNotre action repose sur l&#8217;id\u00e9e que la participation des femmes est une force vitale capable de transformer les soci\u00e9t\u00e9s, de g\u00e9n\u00e9rer<br \/>\nle d\u00e9veloppement et de promouvoir un avenir plus juste et plus durable.<br \/>\n\u00c0 travers le Forum, nous voulons <strong>promouvoir la participation active des femmes africaines et d&#8217;origine africaine<\/strong> \u00e0 la vie publique, sociale et \u00e9conomique italienne, afin qu&#8217;elles puissent \u00eatre reconnues comme des citoyennes et des leaders \u00e0 part enti\u00e8re.<br \/>\nNous donnons la parole et une place au <strong>leadership f\u00e9minin<\/strong>, en luttant contre toute forme de discrimination sexuelle et en surmontant les pr\u00e9jug\u00e9s culturels qui font encore obstacle \u00e0 l&#8217;inclusion.<br \/>\nNous croyons profond\u00e9ment en la valeur des comp\u00e9tences des femmes d&#8217;origine africaine et nous nous engageons \u00e0 <strong>soutenir leur<\/strong><br \/>\n<strong>reconnaissance professionnelle<\/strong>, afin que leurs dipl\u00f4mes, leurs exp\u00e9riences et leurs talents soient pleinement valoris\u00e9s et reconnus dans le monde du travail.<br \/>\nLe Forum repr\u00e9sente \u00e9galement un point de rencontre pour <strong>favoriser la cr\u00e9ation de r\u00e9seaux entre les femmes africaines et italiennes<\/strong>, en g\u00e9n\u00e9rant des \u00e9changes, du mentorat et de nouvelles formes de collaboration bas\u00e9es sur la solidarit\u00e9 et la confiance mutuelle.<br \/>\nDans le m\u00eame temps, notre engagement d\u00e9passe les fronti\u00e8res nationales : nous voulons<strong> partager des projets et des parcours de d\u00e9veloppement durable en Afrique<\/strong>, en promouvant l&#8217;\u00e9galit\u00e9 des chances, l&#8217;entrepreneuriat f\u00e9minin et l&#8217;autonomisation \u00e0 travers des initiatives de coop\u00e9ration et de soutien dans les pays d&#8217;origine.<br \/>\nDans cette perspective, nous encourageons <strong>l&#8217;\u00e9change de bonnes pratiques et le dialogue entre l&#8217;Afrique et l&#8217;Europe<\/strong>, en mettant particuli\u00e8rement l&#8217;accent sur l&#8217;innovation sociale, la durabilit\u00e9 environnementale et le leadership f\u00e9minin comme outils de progr\u00e8s partag\u00e9.<br \/>\nNotre objectif ultime est de <strong>cr\u00e9er un mouvement international de femmes<\/strong> unies par des valeurs de solidarit\u00e9, de professionnalisme et de d\u00e9veloppement commun, capables de g\u00e9n\u00e9rer un impact positif dans les communaut\u00e9s et de construire ensemble un avenir d&#8217;\u00e9quit\u00e9 et de dignit\u00e9 pour toutes.<\/p>\n<p>[\/ct_text_block][vc_empty_space][ct_gallery_carousel images=&#8221;1804,1805,1806,1807,1808,1809&#8243; col_xs=&#8221;1&#8243; col_sm=&#8221;2&#8243; col_md=&#8221;3&#8243; col_lg=&#8221;4&#8243; loop=&#8221;true&#8221; arrows=&#8221;true&#8221;][\/vc_column][\/vc_row]<\/p>\n<\/div>","protected":false},"excerpt":{"rendered":"<p>[vc_row][vc_column ct_column_class=&#8221;rm-padding-lg&#8221; css=&#8221;.vc_custom_1762178038269{padding-top: 0px !important;padding-right: 20px !important;}&#8221; offset=&#8221;vc_col-lg-12 vc_col-md-12&#8243;][ct_text_block font_size=&#8221;16&#8243; line_height=&#8221;30&#8243; css=&#8221;.vc_custom_1772700066041{margin-bottom: 21px !important;}&#8221;] Le Forum des femmes africaines italiennes est n\u00e9 de la volont\u00e9 de construire des ponts concrets entre l&#8217;Afrique et l&#8217;Italie, en pla\u00e7ant les femmes au centre en tant que protagonistes du changement. Notre action repose sur l&#8217;id\u00e9e que la participation des [&hellip;]<\/p>\n","protected":false},"author":1,"featured_media":0,"parent":0,"menu_order":0,"comment_status":"closed","ping_status":"closed","template":"","meta":{"footnotes":""},"class_list":["post-2057","page","type-page","status-publish","hentry"],"_links":{"self":[{"href":"https:\/\/forumafricaneitaliane.it\/fr\/wp-json\/wp\/v2\/pages\/2057","targetHints":{"allow":["GET"]}}],"collection":[{"href":"https:\/\/forumafricaneitaliane.it\/fr\/wp-json\/wp\/v2\/pages"}],"about":[{"href":"https:\/\/forumafricaneitaliane.it\/fr\/wp-json\/wp\/v2\/types\/page"}],"author":[{"embeddable":true,"href":"https:\/\/forumafricaneitaliane.it\/fr\/wp-json\/wp\/v2\/users\/1"}],"replies":[{"embeddable":true,"href":"https:\/\/forumafricaneitaliane.it\/fr\/wp-json\/wp\/v2\/comments?post=2057"}],"version-history":[{"count":2,"href":"https:\/\/forumafricaneitaliane.it\/fr\/wp-json\/wp\/v2\/pages\/2057\/revisions"}],"predecessor-version":[{"id":2072,"href":"https:\/\/forumafricaneitaliane.it\/fr\/wp-json\/wp\/v2\/pages\/2057\/revisions\/2072"}],"wp:attachment":[{"href":"https:\/\/forumafricaneitaliane.it\/fr\/wp-json\/wp\/v2\/media?parent=2057"}],"curies":[{"name":"wp","href":"https:\/\/api.w.org\/{rel}","templated":true}]}}

<div class="wpb-content-wrapper"><p>[vc_row][vc_column ct_column_class=&#8221;rm-padding-lg&#8221; css=&#8221;.vc_custom_1762178038269{padding-top: 0px !important;padding-right: 20px !important;}&#8221; offset=&#8221;vc_col-lg-12 vc_col-md-12&#8243;][ct_text_block font_size=&#8221;16&#8243; line_height=&#8221;30&#8243; css=&#8221;.vc_custom_1772700066041{margin-bottom: 21px !important;}&#8221;]</p>
<p style="text-align: left;"><strong>Le Forum des femmes africaines italiennes</strong> est né de la volonté de construire des <strong>ponts concrets entre l&#8217;Afrique et l&#8217;Italie</strong>, en plaçant les femmes au centre en tant que protagonistes du changement.<br />
Notre action repose sur l&#8217;idée que la participation des femmes est une force vitale capable de transformer les sociétés, de générer<br />
le développement et de promouvoir un avenir plus juste et plus durable.<br />
À travers le Forum, nous voulons <strong>promouvoir la participation active des femmes africaines et d&#8217;origine africaine</strong> à la vie publique, sociale et économique italienne, afin qu&#8217;elles puissent être reconnues comme des citoyennes et des leaders à part entière.<br />
Nous donnons la parole et une place au <strong>leadership féminin</strong>, en luttant contre toute forme de discrimination sexuelle et en surmontant les préjugés culturels qui font encore obstacle à l&#8217;inclusion.<br />
Nous croyons profondément en la valeur des compétences des femmes d&#8217;origine africaine et nous nous engageons à <strong>soutenir leur</strong><br />
<strong>reconnaissance professionnelle</strong>, afin que leurs diplômes, leurs expériences et leurs talents soient pleinement valorisés et reconnus dans le monde du travail.<br />
Le Forum représente également un point de rencontre pour <strong>favoriser la création de réseaux entre les femmes africaines et italiennes</strong>, en générant des échanges, du mentorat et de nouvelles formes de collaboration basées sur la solidarité et la confiance mutuelle.<br />
Dans le même temps, notre engagement dépasse les frontières nationales : nous voulons<strong> partager des projets et des parcours de développement durable en Afrique</strong>, en promouvant l&#8217;égalité des chances, l&#8217;entrepreneuriat féminin et l&#8217;autonomisation à travers des initiatives de coopération et de soutien dans les pays d&#8217;origine.<br />
Dans cette perspective, nous encourageons <strong>l&#8217;échange de bonnes pratiques et le dialogue entre l&#8217;Afrique et l&#8217;Europe</strong>, en mettant particulièrement l&#8217;accent sur l&#8217;innovation sociale, la durabilité environnementale et le leadership féminin comme outils de progrès partagé.<br />
Notre objectif ultime est de <strong>créer un mouvement international de femmes</strong> unies par des valeurs de solidarité, de professionnalisme et de développement commun, capables de générer un impact positif dans les communautés et de construire ensemble un avenir d&#8217;équité et de dignité pour toutes.</p>
<p>[/ct_text_block][vc_empty_space][ct_gallery_carousel images=&#8221;1804,1805,1806,1807,1808,1809&#8243; col_xs=&#8221;1&#8243; col_sm=&#8221;2&#8243; col_md=&#8221;3&#8243; col_lg=&#8221;4&#8243; loop=&#8221;true&#8221; arrows=&#8221;true&#8221;][/vc_column][/vc_row]</p>
</div>

<p>[vc_row][vc_column ct_column_class=&#8221;rm-padding-lg&#8221; css=&#8221;.vc_custom_1762178038269{padding-top: 0px !important;padding-right: 20px !important;}&#8221; offset=&#8221;vc_col-lg-12 vc_col-md-12&#8243;][ct_text_block font_size=&#8221;16&#8243; line_height=&#8221;30&#8243; css=&#8221;.vc_custom_1772700066041{margin-bottom: 21px !important;}&#8221;] Le Forum des femmes africaines italiennes est né de la volonté de construire des ponts concrets entre l&#8217;Afrique et l&#8217;Italie, en plaçant les femmes au centre en tant que protagonistes du changement. Notre action repose sur l&#8217;idée que la participation des [&hellip;]</p>
