{"id":2225,"date":"2025-11-13T09:19:36","date_gmt":"2025-11-13T08:19:36","guid":{"rendered":"https:\/\/forumafricaneitaliane.it\/v-edizione-2025-torino\/"},"modified":"2026-03-05T10:57:37","modified_gmt":"2026-03-05T09:57:37","slug":"v-edition-2025-turin","status":"publish","type":"page","link":"https:\/\/forumafricaneitaliane.it\/fr\/v-edition-2025-turin\/","title":{"rendered":"V \u00e9dition \u2013 2025 | Turin"},"content":{"rendered":"<div class=\"wpb-content-wrapper\"><p>[vc_row][vc_column ct_column_class=&#8221;rm-padding-lg&#8221; css=&#8221;.vc_custom_1762178038269{padding-top: 0px !important;padding-right: 20px !important;}&#8221; offset=&#8221;vc_col-lg-12 vc_col-md-12&#8243;][ct_heading text=&#8221;V \u00e9dition \u2013 2025 | Turin&#8221; align_lg=&#8221;align-center&#8221; align_md=&#8221;align-center-md&#8221; align_sm=&#8221;align-center-sm&#8221; align_xs=&#8221;align-center-xs&#8221; font_size=&#8221;36&#8243; font_size_md=&#8221;36&#8243; font_size_sm=&#8221;36&#8243; font_size_xs=&#8221;32&#8243; font_weight=&#8221;700&#8243; show_gap=&#8221;hide&#8221; subtitle=&#8221;La cinqui\u00e8me \u00e9dition du Forum se tiendra \u00e0 Turin les 20 et 21 novembre 2025 \u00e0 l&#8217;ITICLO-International Training Center of the International Labour Organisation.&#8221; font_weight_sub=&#8221;&#8221;][ct_text_block]<\/p>\n<h4 style=\"text-align: center;\"><strong>Le partenariat gagnant-gagnant comme moteur du d\u00e9veloppement durable<\/strong><\/h4>\n<p>[\/ct_text_block][\/vc_column][\/vc_row][vc_row css=&#8221;.vc_custom_1763021459708{margin-top: 40px !important;}&#8221;][vc_column][vc_empty_space][ct_heading text=&#8221;Programme des interventions&#8221; typing_style=&#8221;style2&#8243; tag=&#8221;h6&#8243; align_lg=&#8221;align-center&#8221; align_md=&#8221;align-center-md&#8221; align_sm=&#8221;align-center-sm&#8221; align_xs=&#8221;align-center-xs&#8221; font_size=&#8221;36&#8243; font_size_md=&#8221;36&#8243; font_size_sm=&#8221;36&#8243; font_size_xs=&#8221;32&#8243; font_weight=&#8221;&#8221; show_gap=&#8221;hide&#8221; font_weight_sub=&#8221;&#8221;][vc_empty_space height=&#8221;20px&#8221;][\/vc_column][\/vc_row][vc_row full_width=&#8221;stretch_row&#8221; css=&#8221;.vc_custom_1763113930502{margin-top: 40px !important;}&#8221;][vc_column width=&#8221;1\/3&#8243;][\/vc_column][vc_column width=&#8221;1\/3&#8243; el_id=&#8221;centro&#8221; el_class=&#8221;centro&#8221;][ct_button button_text=&#8221;T\u00e9l\u00e9charger le programme de la V \u00e9dition&#8221; button_link=&#8221;url:https%3A%2F%2Fforumafricaneitaliane.it%2Fwp-content%2Fuploads%2F2025%2F11%2FForum_Programma_FR.pdf|target:_blank&#8221;][vc_empty_space][vc_raw_html css=&#8221;&#8221;]JTNDc3R5bGUlMjB0eXBlJTNEJTIydGV4dCUyRmNzcyUyMiUzRSUwQSUyMCUyMCUyMCUyMGRpdiUyM2NlbnRyby5jZW50cm8ud3BiX2NvbHVtbi52Y19jb2x1bW5fY29udGFpbmVyLnZjX2NvbC1zbS00JTIwJTNFJTIwLnZjX2NvbHVtbi1pbm5lciUyMCU3QiUwQSUyMCUyMHBhZGRpbmctbGVmdCUzQTBweCUyMWltcG9ydGFudCUzQiUwQSUyMCUyMHBhZGRpbmctcmlnaHQlM0EwcHglMjFpbXBvcnRhbnQlM0IlMEElN0QlMEElMEFhLmJ0bi5idG4tZGVmYXVsdC5zaXplLWRlZmF1bHQubm8tc2hhZG93JTdCJTBBJTIwJTIwcGFkZGluZy1sZWZ0JTNBMjBweCUyMWltcG9ydGFudCUzQiUwQSUyMCUyMHBhZGRpbmctcmlnaHQlM0EyMHB4JTIxaW1wb3J0YW50JTNCJTBBJTdEJTBBJTNDJTJGc3R5bGUlM0U=[\/vc_raw_html][\/vc_column][vc_column width=&#8221;1\/3&#8243;][\/vc_column][\/vc_row]<\/p>\n<\/div>","protected":false},"excerpt":{"rendered":"<p>[vc_row][vc_column ct_column_class=&#8221;rm-padding-lg&#8221; css=&#8221;.vc_custom_1762178038269{padding-top: 0px !important;padding-right: 20px !important;}&#8221; offset=&#8221;vc_col-lg-12 vc_col-md-12&#8243;][ct_heading text=&#8221;V \u00e9dition \u2013 2025 | Turin&#8221; align_lg=&#8221;align-center&#8221; align_md=&#8221;align-center-md&#8221; align_sm=&#8221;align-center-sm&#8221; align_xs=&#8221;align-center-xs&#8221; font_size=&#8221;36&#8243; font_size_md=&#8221;36&#8243; font_size_sm=&#8221;36&#8243; font_size_xs=&#8221;32&#8243; font_weight=&#8221;700&#8243; show_gap=&#8221;hide&#8221; subtitle=&#8221;La cinqui\u00e8me \u00e9dition du Forum se tiendra \u00e0 Turin les 20 et 21 novembre 2025 \u00e0 l&#8217;ITICLO-International Training Center of the International Labour Organisation.&#8221; font_weight_sub=&#8221;&#8221;][ct_text_block] Le partenariat gagnant-gagnant comme moteur [&hellip;]<\/p>\n","protected":false},"author":1,"featured_media":0,"parent":0,"menu_order":0,"comment_status":"closed","ping_status":"closed","template":"","meta":{"footnotes":""},"class_list":["post-2225","page","type-page","status-publish","hentry"],"_links":{"self":[{"href":"https:\/\/forumafricaneitaliane.it\/fr\/wp-json\/wp\/v2\/pages\/2225","targetHints":{"allow":["GET"]}}],"collection":[{"href":"https:\/\/forumafricaneitaliane.it\/fr\/wp-json\/wp\/v2\/pages"}],"about":[{"href":"https:\/\/forumafricaneitaliane.it\/fr\/wp-json\/wp\/v2\/types\/page"}],"author":[{"embeddable":true,"href":"https:\/\/forumafricaneitaliane.it\/fr\/wp-json\/wp\/v2\/users\/1"}],"replies":[{"embeddable":true,"href":"https:\/\/forumafricaneitaliane.it\/fr\/wp-json\/wp\/v2\/comments?post=2225"}],"version-history":[{"count":2,"href":"https:\/\/forumafricaneitaliane.it\/fr\/wp-json\/wp\/v2\/pages\/2225\/revisions"}],"predecessor-version":[{"id":2226,"href":"https:\/\/forumafricaneitaliane.it\/fr\/wp-json\/wp\/v2\/pages\/2225\/revisions\/2226"}],"wp:attachment":[{"href":"https:\/\/forumafricaneitaliane.it\/fr\/wp-json\/wp\/v2\/media?parent=2225"}],"curies":[{"name":"wp","href":"https:\/\/api.w.org\/{rel}","templated":true}]}}

V édition – 2025 | Turin

<div class="wpb-content-wrapper"><p>[vc_row][vc_column ct_column_class=&#8221;rm-padding-lg&#8221; css=&#8221;.vc_custom_1762178038269{padding-top: 0px !important;padding-right: 20px !important;}&#8221; offset=&#8221;vc_col-lg-12 vc_col-md-12&#8243;][ct_heading text=&#8221;V édition – 2025 | Turin&#8221; align_lg=&#8221;align-center&#8221; align_md=&#8221;align-center-md&#8221; align_sm=&#8221;align-center-sm&#8221; align_xs=&#8221;align-center-xs&#8221; font_size=&#8221;36&#8243; font_size_md=&#8221;36&#8243; font_size_sm=&#8221;36&#8243; font_size_xs=&#8221;32&#8243; font_weight=&#8221;700&#8243; show_gap=&#8221;hide&#8221; subtitle=&#8221;La cinquième édition du Forum se tiendra à Turin les 20 et 21 novembre 2025 à l&#8217;ITICLO-International Training Center of the International Labour Organisation.&#8221; font_weight_sub=&#8221;&#8221;][ct_text_block]</p>
<h4 style="text-align: center;"><strong>Le partenariat gagnant-gagnant comme moteur du développement durable</strong></h4>
<p>[/ct_text_block][/vc_column][/vc_row][vc_row css=&#8221;.vc_custom_1763021459708{margin-top: 40px !important;}&#8221;][vc_column][vc_empty_space][ct_heading text=&#8221;Programme des interventions&#8221; typing_style=&#8221;style2&#8243; tag=&#8221;h6&#8243; align_lg=&#8221;align-center&#8221; align_md=&#8221;align-center-md&#8221; align_sm=&#8221;align-center-sm&#8221; align_xs=&#8221;align-center-xs&#8221; font_size=&#8221;36&#8243; font_size_md=&#8221;36&#8243; font_size_sm=&#8221;36&#8243; font_size_xs=&#8221;32&#8243; font_weight=&#8221;&#8221; show_gap=&#8221;hide&#8221; font_weight_sub=&#8221;&#8221;][vc_empty_space height=&#8221;20px&#8221;][/vc_column][/vc_row][vc_row full_width=&#8221;stretch_row&#8221; css=&#8221;.vc_custom_1763113930502{margin-top: 40px !important;}&#8221;][vc_column width=&#8221;1/3&#8243;][/vc_column][vc_column width=&#8221;1/3&#8243; el_id=&#8221;centro&#8221; el_class=&#8221;centro&#8221;][ct_button button_text=&#8221;Télécharger le programme de la V édition&#8221; button_link=&#8221;url:https%3A%2F%2Fforumafricaneitaliane.it%2Fwp-content%2Fuploads%2F2025%2F11%2FForum_Programma_FR.pdf|target:_blank&#8221;][vc_empty_space][vc_raw_html css=&#8221;&#8221;]JTNDc3R5bGUlMjB0eXBlJTNEJTIydGV4dCUyRmNzcyUyMiUzRSUwQSUyMCUyMCUyMCUyMGRpdiUyM2NlbnRyby5jZW50cm8ud3BiX2NvbHVtbi52Y19jb2x1bW5fY29udGFpbmVyLnZjX2NvbC1zbS00JTIwJTNFJTIwLnZjX2NvbHVtbi1pbm5lciUyMCU3QiUwQSUyMCUyMHBhZGRpbmctbGVmdCUzQTBweCUyMWltcG9ydGFudCUzQiUwQSUyMCUyMHBhZGRpbmctcmlnaHQlM0EwcHglMjFpbXBvcnRhbnQlM0IlMEElN0QlMEElMEFhLmJ0bi5idG4tZGVmYXVsdC5zaXplLWRlZmF1bHQubm8tc2hhZG93JTdCJTBBJTIwJTIwcGFkZGluZy1sZWZ0JTNBMjBweCUyMWltcG9ydGFudCUzQiUwQSUyMCUyMHBhZGRpbmctcmlnaHQlM0EyMHB4JTIxaW1wb3J0YW50JTNCJTBBJTdEJTBBJTNDJTJGc3R5bGUlM0U=[/vc_raw_html][/vc_column][vc_column width=&#8221;1/3&#8243;][/vc_column][/vc_row]</p>
</div>

<p>[vc_row][vc_column ct_column_class=&#8221;rm-padding-lg&#8221; css=&#8221;.vc_custom_1762178038269{padding-top: 0px !important;padding-right: 20px !important;}&#8221; offset=&#8221;vc_col-lg-12 vc_col-md-12&#8243;][ct_heading text=&#8221;V édition – 2025 | Turin&#8221; align_lg=&#8221;align-center&#8221; align_md=&#8221;align-center-md&#8221; align_sm=&#8221;align-center-sm&#8221; align_xs=&#8221;align-center-xs&#8221; font_size=&#8221;36&#8243; font_size_md=&#8221;36&#8243; font_size_sm=&#8221;36&#8243; font_size_xs=&#8221;32&#8243; font_weight=&#8221;700&#8243; show_gap=&#8221;hide&#8221; subtitle=&#8221;La cinquième édition du Forum se tiendra à Turin les 20 et 21 novembre 2025 à l&#8217;ITICLO-International Training Center of the International Labour Organisation.&#8221; font_weight_sub=&#8221;&#8221;][ct_text_block] Le partenariat gagnant-gagnant comme moteur [&hellip;]</p>
